4 - (-759)/h composite?
False
Let a(b) = 4*b - 13. Let o be a(2). Let r be -2 + (-96162)/(-30) + 2/o. Let s = r - 1660. Is s a prime number?
True
Let s(r) = -32*r**2 - 6*r + 2. Let y(l) = -l**3 - 15*l**2 - l - 22. Let n be y(-15). Let z be s(n). Is (0 + -1)*z/12 composite?
False
Let u = 10 - 10. Let w be (u/(-2))/((-3)/1*1). Suppose 3*p - 519 = 2*b + 2902, -p - b + 1137 = w. Is p composite?
True
Suppose k + 3*k - 338650 = -2*f, 4*f - 4*k - 677348 = 0. Is f prime?
False
Is (-8)/3 + 2906959*21/693 prime?
False
Let i(d) = -d**3 + 3*d**2 + 23*d - 16. Let o be i(6). Suppose -o*j = 4*j - 34758. Is j prime?
True
Let c(n) = 1122*n**3 + 5*n**2 - 6*n - 3. Suppose -7*v = 2*l - 10*v + 8, 2*v - 14 = -3*l. Is c(l) composite?
True
Let r = -610259 + 908354. Suppose 15*c - 106515 = r. Is c composite?
True
Let i(p) = p**3 + 22*p**2 + 10*p + 17. Suppose 3*a - 38 = 33*d - 34*d, a - 2*d = 8. Is i(a) prime?
False
Suppose -18*m - 10 = -13*m. Let z be -320 + (-1 - 8/m). Let j = 931 + z. Is j a prime number?
False
Suppose -17*z = -15*z - 5720. Let m = 4175 - z. Let d = 1982 - m. Is d prime?
False
Let i(d) = -15934*d - 21. Suppose 18 = -18*n - 18. Is i(n) a composite number?
False
Let o(t) = -15*t + 40 - 46 - t**3 + 3*t**3. Is o(11) a composite number?
True
Let g = 4026 - -361. Suppose -5*v + 8527 = 5*y + 3047, 3*v = -4*y + g. Is y a composite number?
True
Let t = -3699 - -3701. Let f = 2 + 2. Suppose -t*v - 1258 = -4*l, -f*l - l + 1575 = -2*v. Is l prime?
True
Suppose -36 = 4*o - 40. Let f(i) = 2568*i - 1. Is f(o) a prime number?
False
Is 6 - 40/(-3)*339408/120 a prime number?
False
Let o = -38 - -4. Let a be ((-4)/5)/(o/85). Is (2 - 1) + -2 + (482 - a) a prime number?
True
Let l = -42 - -17. Let u be (-60)/l*(-5)/(-2). Suppose -3036 = -u*o + 9882. Is o composite?
False
Let i = -126922 - -516117. Is i a prime number?
False
Let b(q) = 2200*q - 307. Is b(44) composite?
False
Suppose -1041784 = -2*z + 2*f, 33 = 5*f + 48. Is z a composite number?
False
Let b = -16670 - -15242. Let g be 1 + 1220 + -1 + -1. Let p = g - b. Is p prime?
True
Let l(s) = -s**3 + 93*s**2 + 396*s - 45. Is l(83) prime?
False
Suppose 8*v - 1054 = 20674. Let q = v + -869. Is q composite?
False
Let y(t) be the first derivative of -9*t**5/20 - 17*t**4/24 + 5*t**3 + 21. Let s(n) be the third derivative of y(n). Is s(-5) prime?
False
Let b be 6/10 - 944/40. Let a = -17 - b. Suppose -a*k + 4*k = -284. Is k a prime number?
False
Let y(w) = -w**2 + 40*w - 142. Let l(v) = v**2 + 8*v - 100. Let j be l(-16). Is y(j) a prime number?
False
Let y be (12 - -2)*38952/126. Is (y/(-12))/((-8)/12)*1 a prime number?
True
Let a(f) = -7*f - 45. Let j be ((-54)/3)/3 - (1 + -1). Let o be a(j). Is 295 + o/((-15)/(-10)) prime?
True
Suppose k - 2*g = -15, 2*k - 5*g - 15 + 50 = 0. Is (19186/(-4) + (-2 - k))*-2 a prime number?
True
Let z(i) = i**3 - 2*i**2 - i - 3. Let n be z(3). Let v = -222 - -225. Is 218 + 3 + (9/v - n) a prime number?
False
Let o(m) = -m**2 - 4*m - 4. Let c be (-64)/(-48) - (0 + (-26)/(-6)). Let r be o(c). Is (2 + 0)*r + 2335 a prime number?
True
Suppose 2*s + 5 = 3*p + 10, 0 = 3*s + p - 13. Suppose 5*m = -3*v + 1294, 0*m + m - 252 = -s*v. Let o = -23 + m. Is o a prime number?
False
Let a = -279 + 284. Let s be -6*(-3 - 14/(-6)). Suppose -29 + a = -s*x. Is x prime?
False
Is (-18)/24 - (1/(-8)*438454 + -5) a composite number?
True
Let v = -113388 + 197049. Suppose 17*y - v = 129128. Is y a prime number?
True
Let p be (-14)/70 - 1/(-5). Suppose p*m - 5*m = -52160. Suppose -6*o + 42322 = m. Is o composite?
True
Suppose u - 2*o = 7, 4*o + 1 + 4 = -u. Suppose -1923 = -x - 2*t, 3*x - 2*t = -u*t + 5744. Is x a composite number?
False
Let f(z) be the first derivative of 5*z**4/4 + z**3/3 + 2*z**2 + 16*z - 5. Let c be f(-11). Is c/(-14) - (2 - (-48)/(-21)) a composite number?
True
Let n be 3 + -4 + (-1)/(-1). Suppose q + p = 9, q + 4*p - 10 - 2 = n. Let m(h) = 8*h**2 - h - 19. Is m(q) composite?
True
Let p(h) = h**2 - h. Let x(d) = -12*d - 10. Let k(f) = p(f) - x(f). Let u be k(-13). Suppose -w + u - 1 = 0. Is w prime?
False
Let n be (504/189)/((-1)/3). Is ((-100)/n + -6)*226 composite?
True
Let x be (-132205)/20 + (-6)/8. Let f be (-1 + (-2)/(-4))*(22056 - 0). Let b = x - f. Is b prime?
False
Suppose -95 = 2*m + 483. Let w = -86 - m. Is w composite?
True
Suppose 381 = 12*i - 39. Let y be (-28)/i*15/3*2. Is ((-45)/(-12) - (-6)/y) + 292 a composite number?
True
Let i(o) = -o**3 + 10*o**2 - 19*o + 85. Let f be i(9). Is -3749*(f + (5 - -1))*-1 composite?
True
Let j be 1/2*5350/(7 - 2). Let h(c) = -245*c**3 - c. Let l be h(-1). Let b = j + l. Is b composite?
True
Suppose 13*o = -107887 + 285272. Is (o/(-2))/(18/(-4) - -4) prime?
False
Let q(h) = 83*h**2 - 10*h + 196. Is q(73) composite?
True
Suppose -5*h + 30 = -4*q - 30, 2*h + 28 = -q. Suppose 0 = -3*b + 4*p + 22, -2*b - p + 15 = -18. Is 4 + 1*b*(-5010)/q a composite number?
False
Is (-58485050)/(-75) + 27 - (-2)/(-3) prime?
True
Let q be (5/(-3))/(4/(-27204)). Let o = -5934 + q. Is o a prime number?
False
Suppose 0 = 438*u - 6680275 - 169710897 - 9208262. Is u prime?
False
Let l be (9939/2)/((-9)/(-12)). Let i(b) = -8*b**3 + 9*b**2 + 9*b + 13. Let d be i(-7). Let z = l - d. Is z prime?
True
Let c = -6651 - 10245. Let d = 30727 + c. Is d a composite number?
False
Let z = -673 - -37622. Is z a composite number?
True
Let x be -4*3*10/(-40). Suppose -5*r + 0*r - 4*t = -10733, 6444 = x*r + t. Is r a composite number?
True
Suppose -45*u - 18*u - 572926 = -82*u. Is u composite?
True
Let n = -5525 + 27172. Is n composite?
False
Is 9/24 - (107919370/80)/(-13) prime?
True
Is (-165306)/11*374/(-68) composite?
True
Let g(b) = -4407*b**3 - 4*b + 3. Let l be g(1). Let w = 8067 + l. Is w a composite number?
False
Let u(r) = r**3 + 456*r + 99361. Is u(0) prime?
False
Let s(j) = -697*j - 80. Is s(-91) a prime number?
True
Suppose x = -4*n + 4, -15*x + 12 = -n - 12*x. Suppose 2*u + 4*t - 18058 = n, 4*t - 19809 = -3*u + 7268. Is u a composite number?
True
Let d(x) be the second derivative of x**5/10 - 5*x**4/12 - x**3/2 + 14107*x**2/2 + 286*x. Is d(0) a composite number?
False
Let z be (-41257)/(-7) - 78/(-546). Let h = z + -3127. Is h a prime number?
True
Let z(h) = h**2 - 24*h - 25. Let a be z(25). Suppose 3*c - 2*m = 72, 0*c + 14 = c - 4*m. Suppose -27*t + c*t + 267 = a. Is t composite?
True
Let n be 4935/25 - (-10)/(-25). Let y = n - 138. Is y prime?
True
Let a be 0*(-5)/15*(-2)/6. Let z be (0 - 9402)/(-2 - a). Suppose 9*t - z = -318. Is t prime?
True
Suppose -3*l - 74 = 27*b - 23*b, -2*b = 2*l + 50. Is 5/((-15)/2)*35607/l a prime number?
False
Let n(d) be the first derivative of 42*d**3 + d**2/2 - 2. Suppose 5*a - 9 = a - m, -4*m + 21 = a. Is n(a) a prime number?
True
Let a = 25717 - 12336. Is a composite?
False
Is 1094256/40 + (-175)/125 prime?
False
Let x(q) = 3*q - q**2 - 1 + 886*q**3 + 342*q**3 + 298*q**3. Is x(1) prime?
False
Let b(h) = -h**3 + 7*h**2 - 8*h - 5. Let l be b(5). Suppose 0 = 6*q - l*q. Suppose -4*w + 5*x + 2524 = q, -w - x + 631 = -0*w. Is w prime?
True
Suppose 60*p - 701475 = 357345. Is p a composite number?
True
Let a = 2659 + -9121. Let o = -2649 - a. Is (-4)/7 + o/21 a prime number?
True
Let s(w) = w**3 - w**2 - 10*w + 12. Let k be s(5). Let f = 72 - k. Suppose -3587 = -f*g - 517. Is g a composite number?
False
Is -17 - (-108434 + -14)/16 a prime number?
True
Let r be ((-55)/10 + 4)*-2. Suppose 3*f + 1461 = 3*h, r*h + f - 1473 = -0*f. Let g = -243 + h. Is g a prime number?
False
Is 151854 + (7/14)/((-3)/78) a composite number?
False
Let b be (-16 - -26)*(0 + -202). Let n = b + 11313. Is n composite?
False
Suppose 14 = 3*w - 7. Let p = 11 - w. Suppose 1834 = 2*i - 3*h, 3*i = -0*i - p*h + 2785. Is i composite?
True
Let a(w) = 8*w + 24. Let n be a(-7). Let i be n/12*71532/(-16). Suppose 0*l - 6*l + i = 0. Is l composite?
False
Suppose -10*f - 60 = -5*f. Let r be ((-6)/f)/((-3)/180). Is -6 + (-102984)/r - (-2)/10 a composite number?
True
Let k(z) = 23*z**3 - 110*z**2 - 56*z + 96. Is k(31) composite?
True
Suppose -5*u + 15 = -5. Suppose -9*g - 43*g + 2028 = 0. Suppose u*s = 0, 26 = j - 2*s - g. Is j a composite number?
True
Let i = 33167 + 7046. Is i a prime number?
True
Suppose -66766 = 17*w - 24*w. Is (-1 - 0) + w - 4 a prime number?
True
Let c = 50569 - -6